tive of h**3/3 + 3*h**2/2 + h. Let q be -8*2/8*-2. What is the units digit of m(q)?
1
Suppose 0 = -2*f + 2*s - 62, 4*f - 2*s + s = -139. Let j = -26 - f. What is the tens digit of j?
1
Let v = -11 + 13. Suppose -g = 4*w + v*g - 1, -3*g = -5*w + 35. What is the tens digit of (6/w)/((-18)/(-264))?
2
Suppose -4*c = 15 - 55. Let f(z) = 2*z - 7. Let k be f(c). Suppose 2*j = h + 7*j - k, -26 = -2*h - 3*j. What is the tens digit of h?
1
Let d(y) = -2*y - 6. Let b be d(-4). Suppose -3*k = 3*w + b*k + 11, 3*k = -3*w - 3. What is the units digit of w?
3
Suppose 0 = 2*n - 29 - 23. What is the units digit of n?
6
Let w = -10 - 72. What is the tens digit of w/(-4) - 2/(-4)?
2
Let m = 19 + -4. What is the tens digit of m?
1
Let d(n) = -n**2 - 8*n. Let g be d(-6). Suppose -2*y - 5*i - g = 0, 0*y + 4*y - 12 = -i. What is the units digit of y?
4
Suppose z + i + 4 = -0*z, -2*i - 11 = -z. What is the tens digit of (36/(-27))/(z/(-21))?
2
Suppose 3*k = 12 - 0. Suppose 5*p - 76 - 54 = 0. Suppose 0 = x - 5*g + 10, -2*x + p = -x + k*g. What is the tens digit of x?
1
Let f(g) = 10*g**2 - g - 1. Let n = 6 - 7. What is the tens digit of f(n)?
1
Let d be 4/2*(5 + -4). Suppose -d*u = 3*u. Suppose 4*g - 8 = -u*g. What is the units digit of g?
2
What is the tens digit of 91/1 + (-2 - 2)?
8
Let m be 3*2*14/28. Suppose -x - m*x - w = -57, -w = -4*x + 55. What is the tens digit of x?
1
Let k(x) = 26*x + 1. Suppose 0 = 2*u + 3*g - 7 + 2, -1 = -g. What is the tens digit of k(u)?
2
Suppose -16 = -5*j + j. Suppose 2*p = j + 2, -p - 27 = -5*k. What is the units digit of 94/k - (-4)/(-6)?
5
Let v(c) = c**2 - 2*c. Suppose 0 = 5*x + 3 + 7. What is the units digit of v(x)?
8
Suppose -46 = -c + 3*w + 34, 5*w + 74 = c. What is the tens digit of c?
8
Suppose -2*d = 5*o + d - 26, 3*d = 3*o - 6. Let m = -15 - -44. Suppose -5*s + m = o. What is the units digit of s?
5
Let n(u) = -2*u**2 + u + 1. Let l(o) = 4*o**2 - 2*o - 1. Let v(c) = -2*l(c) - 5*n(c). Suppose 2*i = -3*i + 15. What is the units digit of v(i)?
2
Suppose -i = i - 120. Let h be -6*(-3)/(-6) - -5. Suppose -i = -2*z - h*z. What is the units digit of z?
5
Suppose 0*q = q + n - 35, q = 2*n + 41. What is the tens digit of q?
3
Suppose -9*c + 7*c - 58 = 0. Let b = c - -46. What is the units digit of b?
7
Let n(c) = c**3 + 5*c**2 - 6*c - 1. Let u(q) = 2*q + 8. Let z be u(-7). Let w be n(z). Let k = 4 - w. What is the units digit of k?
5
Let f(o) = o**2 - 9*o + 9. Suppose 5*g = 0, -b + 2*g = -2*b - 1. Let m be (2 - 14)/b - 3. What is the units digit of f(m)?
9
Let b be 2/(-3) + 44/12. Let d be (-9)/2*(-14)/b. Suppose -1 = 4*h - d. What is the units digit of h?
5
Let o = -129 - -205. What is the units digit of o?
6
Let b be 1/(-4) - (-233)/4. Let m = b - 41. What is the units digit of m?
7
What is the units digit of (-1)/(-2) - 82/(-4)?
1
Suppose -3*m + 11 = n, -2 = 2*m - 0*m - 4*n. Suppose 2*r - 19 = -m*t, t + 10 = -r + 6*t. Let v(c) = c**3 - 6*c**2 + 7*c - 3. What is the units digit of v(r)?
7
Suppose -4*z = -4*l - 532, -2*l - 121 = -z + 12. What is the units digit of z?
3
Suppose 11 = 3*r - o, 3 = 2*o + 1. Suppose -p = -5, 0 = -r*d + 4*p - 55 + 15. What is the units digit of (1/2)/(d/(-10))?
1
Let v(j) = j**2 - 10*j - 10. What is the tens digit of v(14)?
4
Let b = 30 + -16. What is the tens digit of b?
1
Let l(n) = -n - 7. Let z be l(-7). Suppose 6*y - 2*u = y + 138, z = 2*u + 8. What is the units digit of y?
6
Let n(b) = -7*b + 9. Let x(k) = -3*k + 5. Let u(j) = -2*n(j) + 5*x(j). Let v be u(9). Let r(t) = -t**3 - t**2 + 2*t + 2. What is the units digit of r(v)?
2
Let o be 1 - 3*(-1)/(-3). Suppose -4*m = -g - 20, 2*m + 6*g - 7*g - 10 = o. Suppose 4*u = -2*h + 38, -3*u + m = -4*h - 7. What is the units digit of u?
8
Let b(d) = d**2 + 6*d - 7. Let k be b(-5). Let z = -31 - k. Let u = z - -33. What is the units digit of u?
4
Let h(f) = 6*f**2 + f + 4. Let z(j) = 3*j**2 + j + 2. Let x(a) = -3*h(a) + 7*z(a). What is the tens digit of x(-3)?
1
Let f(b) = 5*b + 2. Let h be f(4). Suppose w = -9 + h. What is the units digit of w?
3
Let n(k) = -k**2 + 2. Let i(d) = -1. Let o(r) = 4*i(r) + n(r). Let c be o(-3). What is the tens digit of 4/22 - 119/c?
1
Suppose 0 = g + 5*n - 8 - 7, 4*n = -5*g + 75. What is the tens digit of 159/g + 2/5?
1
Let f(c) = c**3 - c**2. Let p(m) = 6*m**3 - 5*m**2. Let v(t) = -2*f(t) + p(t). What is the tens digit of v(2)?
2
Let d = -149 - -212. What is the units digit of d?
3
Let b(p) = p - 2 + p**2 - 7*p + 3 + 0*p**2. Let z(y) = -y. Let h(u) = b(u) - 6*z(u). What is the units digit of h(2)?
5
Let o(f) = -f + 1. Let u be o(0). Suppose 7 = -5*a - 4*p, 0 = 3*p - 7 + u. Let n = a + 6. What is the units digit of n?
3
Let a = 13 + 53. What is the units digit of a?
6
Let u = 415 + -193. What is the hundreds digit of u?
2
Let i(n) = -n - 20. Let s(f) = 3*f + 39. Let r(b) = -5*i(b) - 2*s(b). Let t be (1 + -1 - 2)*-6 - 3. What is the tens digit of r(t)?
1
Let m = -1750 - -942. What is the tens digit of (-1)/4 + m/(-32)?
2
Suppose 2*x - 3*q = 46 + 120, -q = x - 83. What is the tens digit of x?
8
Suppose -n = n - 8. Suppose -4*p + 12 + 0 = 0. Let s = n - p. What is the units digit of s?
1
Suppose 267 = 30*h - 27*h. What is the units digit of h?
9
Let m(z) = -48*z - 10. What is the tens digit of m(-2)?
8
Let q(c) be the second derivative of -c**5/60 - c**4/3 - c**3/6 + 2*c. Let a(j) be the second derivative of q(j). What is the units digit of a(-6)?
4
Let m = 50 + -20. Suppose -5*b + 4*b + m = -4*z, -34 = -b + 2*z. What is the tens digit of b?
3
Let i(l) = -l**3 - 6*l**2 + 2. Let h be i(-6). Suppose s + 0*q + q = 7, 5*s = h*q + 14. What is the units digit of s?
4
Suppose 2*l - 4*l = 26. Let y = l + 27. What is the units digit of y?
4
Let c = -17 + 91. What is the tens digit of c?
7
Let b(o) = -o + 6. Let q be 0*(-2 - (-1 + 0)). Let a be b(q). What is the units digit of a/(-15)*-1*5?
2
Let b(m) = -m - 6. Let f(j) = j**3 + 6*j**2 - 4. Let g be f(-6). Let a be b(g). Let q = 12 + a. What is the tens digit of q?
1
Let r be 0 - ((-2)/(-1) - -25). Let k = -15 - r. What is the units digit of k?
2
Let y = 53 - -47. What is the units digit of y?
0
Let r be 5*(-1 - 21/(-15)). Suppose -r*k = -0*k. Suppose -5*o + 15 = k, y = -3*o + 5 + 7. What is the units digit of y?
3
Let m(p) = 12*p - 5. What is the hundreds digit of m(11)?
1
Let l(y) be the first derivative of -5*y**2 - 6*y - 9. What is the tens digit of l(-4)?
3
Let g = -11 + 10. What is the units digit of 1 - -7 - (g + 4)?
5
Suppose -12*a = -9*a - 84. What is the units digit of a?
8
Let y = -9 - -31. Let k = 12 + y. What is the units digit of k?
4
Suppose -859 = -r - 4*r - 2*q, r + q = 170. What is the hundreds digit of r?
1
Let i be 2/6 + (-128)/(-12). Let w = i + -9. What is the units digit of w?
2
What is the hundreds digit of 4 + ((-269)/(-1) - -3)?
2
Let r = 10 + -9. Let w = r + 6. What is the units digit of w?
7
Suppose -71 = -4*i - 23. What is the units digit of i?
2
Suppose 0 = -4*i - 2 + 26. Suppose 0 = -5*v + i - 46. What is the units digit of (-2)/(-4) + (-84)/v?
1
Suppose 5 = 5*t - 5. Suppose -t*v + 2*o + 62 = -0*v, -o + 131 = 5*v. What is the tens digit of v?
2
Let o(t) = -7*t**3 - t**2 - t + 1. What is the tens digit of o(-2)?
5
Let i(v) be the first derivative of -1 - 3*v**2 + 2*v + 1/3*v**3. What is the units digit of i(6)?
2
Let k(t) = -30*t - 3. What is the units digit of k(-2)?
7
What is the tens digit of 83/3 + (-6)/(-18)?
2
Let h = -31 + 19. Let j = -5 - h. Let c = j - -4. What is the tens digit of c?
1
Let s = 320 - 229. What is the units digit of s?
1
Suppose 0 = v + 7. Let i(m) = m + 14. What is the units digit of i(v)?
7
Suppose 0 = 3*x + 2*x - 10. Suppose -k + 12 = x*k. Suppose -g + 35 = k*g. What is the units digit of g?
7
Let t(k) = -2*k + 8*k + 0*k. What is the tens digit of t(2)?
1
Suppose 4*p = 5*w - 540, 3*w - 198 = w - 2*p. What is the units digit of w?
4
Let w = -31 - -19. Let l = -2 - w. What is the tens digit of l?
1
Let s(p) = 1 - 1 + 2*p - 4. Let c(u) = u + 10. Let w be c(-4). What is the units digit of s(w)?
8
Let x be 3/2 + 6/4. Suppose 5*g = x*q - 28, -4*q + g - 3*g + 20 = 0. What is the units digit of q?
6
Suppose -2*l + 28 = 2*l - 3*v, 3*l - 4*v - 14 = 0. What is the units digit of l?
0
Let l = 16 - 64. What is the units digit of (-2)/6 - l